{"id":463,"date":"2021-11-05T11:59:04","date_gmt":"2021-11-05T10:59:04","guid":{"rendered":"https:\/\/www.prixdeshivernales.be\/?page_id=463"},"modified":"2022-05-30T15:32:30","modified_gmt":"2022-05-30T13:32:30","slug":"press","status":"publish","type":"page","link":"https:\/\/www.prixdeshivernales.be\/en\/press\/","title":{"rendered":"Press"},"content":{"rendered":"\n<div class=\"wp-block-columns is-layout-flex wp-container-core-columns-is-layout-9d6595d7 wp-block-columns-is-layout-flex\">\n<div class=\"wp-block-column is-layout-flow wp-block-column-is-layout-flow\">\n<blockquote class=\"wp-block-quote is-layout-flow wp-block-quote-is-layout-flow\"><p><strong>The 10th edition of the &#8220;Hivernales de la danse&#8221; in Li\u00e8ge is organised this weekend at the Caserne Fonck. 10 dancers from the most prestigious companies in Europe will perform for the Belgian public. This year, they did not stop there, they were called to judge the young generation of dancers in our region.<\/strong><\/p><cite>RTC T\u00e9l\u00e9 Li\u00e8ge, 12 march 2022<\/cite><\/blockquote>\n\n\n\n<p><a href=\"https:\/\/www.rtc.be\/hivernales_2022_un_nouvel_evenement_en_plus_des_galas_de_danse-1512066-999-325.html\" target=\"_blank\" rel=\"noreferrer noopener\">https:\/\/www.rtc.be\/hivernales_2022_un_nouvel_evenement_en_plus_des_galas_de_danse-1512066-999-325.html<\/a><\/p>\n<\/div>\n\n\n\n<div class=\"wp-block-column is-layout-flow wp-block-column-is-layout-flow\">\n<blockquote class=\"wp-block-quote is-layout-flow wp-block-quote-is-layout-flow\"><p><strong>In early February, Marie Doutrepont, artistic director of the Hivernales de la Danse, entered the workshops of Maison Dejardin to create original trophies for her dance competition.<\/strong><\/p><cite>Maison Dejardin, 31 march 2022<\/cite><\/blockquote>\n\n\n\n<p><a href=\"https:\/\/maisondejardin.be\/deux-trophees-pour-les-hivernales-de-la-danse\/?fbclid=IwAR1SzH3qWLJ4M6Gk8wPAatRp63Tjf9noi7Nskh1L4tZGaETCCSFEjxZWVko\" target=\"_blank\" rel=\"noreferrer noopener\">https:\/\/maisondejardin.be\/deux-trophees-pour-les-hivernales-de-la-danse\/?fbclid=IwAR1SzH3qWLJ4M6Gk8wPAatRp63Tjf9noi7Nskh1L4tZGaETCCSFEjxZWVko<\/a><\/p>\n<\/div>\n<\/div>\n","protected":false},"excerpt":{"rendered":"<p>The 10th edition of the &#8220;Hivernales de la danse&#8221; in Li\u00e8ge is organised this weekend at the Caserne (&#8230;)<\/p>\n<p><a class=\"btn btn-kovimo-news\" href=\"https:\/\/www.prixdeshivernales.be\/en\/press\/\">En savoir plus<\/a><\/p>\n","protected":false},"author":1,"featured_media":404,"parent":0,"menu_order":7,"comment_status":"closed","ping_status":"closed","template":"","meta":{"_acf_changed":false,"footnotes":""},"class_list":["post-463","page","type-page","status-publish","has-post-thumbnail","hentry"],"acf":[],"yoast_head":"<!-- This site is optimized with the Yoast SEO plugin v27.4 - https:\/\/yoast.com\/product\/yoast-seo-wordpress\/ -->\n<title>Press &#8212; Prix des Hivernales<\/title>\n<meta name=\"robots\" content=\"index, follow, max-snippet:-1, max-image-preview:large, max-video-preview:-1\" \/>\n<link rel=\"canonical\" href=\"https:\/\/www.prixdeshivernales.be\/en\/press\/\" \/>\n<meta property=\"og:locale\" content=\"en_US\" \/>\n<meta property=\"og:type\" content=\"article\" \/>\n<meta property=\"og:title\" content=\"Press &#8212; Prix des Hivernales\" \/>\n<meta property=\"og:description\" content=\"The 10th edition of the &#8220;Hivernales de la danse&#8221; in Li\u00e8ge is organised this weekend at the Caserne (...)En savoir plus\" \/>\n<meta property=\"og:url\" content=\"https:\/\/www.prixdeshivernales.be\/en\/press\/\" \/>\n<meta property=\"og:site_name\" content=\"Prix des Hivernales\" \/>\n<meta property=\"article:modified_time\" content=\"2022-05-30T13:32:30+00:00\" \/>\n<meta property=\"og:image\" content=\"https:\/\/www.prixdeshivernales.be\/wp-content\/uploads\/sites\/2\/2021\/10\/PRIX-HIVERNALES_HEADER_1240x500_ok_V1.jpg\" \/>\n\t<meta property=\"og:image:width\" content=\"1240\" \/>\n\t<meta property=\"og:image:height\" content=\"500\" \/>\n\t<meta property=\"og:image:type\" content=\"image\/jpeg\" \/>\n<meta name=\"twitter:card\" content=\"summary_large_image\" \/>\n<meta name=\"twitter:label1\" content=\"Est. reading time\" \/>\n\t<meta name=\"twitter:data1\" content=\"1 minute\" \/>\n<script type=\"application\/ld+json\" class=\"yoast-schema-graph\">{\"@context\":\"https:\\\/\\\/schema.org\",\"@graph\":[{\"@type\":\"WebPage\",\"@id\":\"https:\\\/\\\/www.prixdeshivernales.be\\\/en\\\/press\\\/\",\"url\":\"https:\\\/\\\/www.prixdeshivernales.be\\\/en\\\/press\\\/\",\"name\":\"Press &#8212; Prix des Hivernales\",\"isPartOf\":{\"@id\":\"https:\\\/\\\/www.prixdeshivernales.be\\\/en\\\/#website\"},\"primaryImageOfPage\":{\"@id\":\"https:\\\/\\\/www.prixdeshivernales.be\\\/en\\\/press\\\/#primaryimage\"},\"image\":{\"@id\":\"https:\\\/\\\/www.prixdeshivernales.be\\\/en\\\/press\\\/#primaryimage\"},\"thumbnailUrl\":\"https:\\\/\\\/www.prixdeshivernales.be\\\/wp-content\\\/uploads\\\/sites\\\/2\\\/2021\\\/10\\\/PRIX-HIVERNALES_HEADER_1240x500_ok_V1.jpg\",\"datePublished\":\"2021-11-05T10:59:04+00:00\",\"dateModified\":\"2022-05-30T13:32:30+00:00\",\"breadcrumb\":{\"@id\":\"https:\\\/\\\/www.prixdeshivernales.be\\\/en\\\/press\\\/#breadcrumb\"},\"inLanguage\":\"en-US\",\"potentialAction\":[{\"@type\":\"ReadAction\",\"target\":[\"https:\\\/\\\/www.prixdeshivernales.be\\\/en\\\/press\\\/\"]}]},{\"@type\":\"ImageObject\",\"inLanguage\":\"en-US\",\"@id\":\"https:\\\/\\\/www.prixdeshivernales.be\\\/en\\\/press\\\/#primaryimage\",\"url\":\"https:\\\/\\\/www.prixdeshivernales.be\\\/wp-content\\\/uploads\\\/sites\\\/2\\\/2021\\\/10\\\/PRIX-HIVERNALES_HEADER_1240x500_ok_V1.jpg\",\"contentUrl\":\"https:\\\/\\\/www.prixdeshivernales.be\\\/wp-content\\\/uploads\\\/sites\\\/2\\\/2021\\\/10\\\/PRIX-HIVERNALES_HEADER_1240x500_ok_V1.jpg\",\"width\":1240,\"height\":500},{\"@type\":\"BreadcrumbList\",\"@id\":\"https:\\\/\\\/www.prixdeshivernales.be\\\/en\\\/press\\\/#breadcrumb\",\"itemListElement\":[{\"@type\":\"ListItem\",\"position\":1,\"name\":\"Home\",\"item\":\"https:\\\/\\\/www.prixdeshivernales.be\\\/en\\\/\"},{\"@type\":\"ListItem\",\"position\":2,\"name\":\"Press\"}]},{\"@type\":\"WebSite\",\"@id\":\"https:\\\/\\\/www.prixdeshivernales.be\\\/en\\\/#website\",\"url\":\"https:\\\/\\\/www.prixdeshivernales.be\\\/en\\\/\",\"name\":\"Prix des Hivernales\",\"description\":\"International Ballet Competition\",\"potentialAction\":[{\"@type\":\"SearchAction\",\"target\":{\"@type\":\"EntryPoint\",\"urlTemplate\":\"https:\\\/\\\/www.prixdeshivernales.be\\\/en\\\/?s={search_term_string}\"},\"query-input\":{\"@type\":\"PropertyValueSpecification\",\"valueRequired\":true,\"valueName\":\"search_term_string\"}}],\"inLanguage\":\"en-US\"}]}<\/script>\n<!-- \/ Yoast SEO plugin. -->","yoast_head_json":{"title":"Press &#8212; Prix des Hivernales","robots":{"index":"index","follow":"follow","max-snippet":"max-snippet:-1","max-image-preview":"max-image-preview:large","max-video-preview":"max-video-preview:-1"},"canonical":"https:\/\/www.prixdeshivernales.be\/en\/press\/","og_locale":"en_US","og_type":"article","og_title":"Press &#8212; Prix des Hivernales","og_description":"The 10th edition of the &#8220;Hivernales de la danse&#8221; in Li\u00e8ge is organised this weekend at the Caserne (...)En savoir plus","og_url":"https:\/\/www.prixdeshivernales.be\/en\/press\/","og_site_name":"Prix des Hivernales","article_modified_time":"2022-05-30T13:32:30+00:00","og_image":[{"width":1240,"height":500,"url":"https:\/\/www.prixdeshivernales.be\/wp-content\/uploads\/sites\/2\/2021\/10\/PRIX-HIVERNALES_HEADER_1240x500_ok_V1.jpg","type":"image\/jpeg"}],"twitter_card":"summary_large_image","twitter_misc":{"Est. reading time":"1 minute"},"schema":{"@context":"https:\/\/schema.org","@graph":[{"@type":"WebPage","@id":"https:\/\/www.prixdeshivernales.be\/en\/press\/","url":"https:\/\/www.prixdeshivernales.be\/en\/press\/","name":"Press &#8212; Prix des Hivernales","isPartOf":{"@id":"https:\/\/www.prixdeshivernales.be\/en\/#website"},"primaryImageOfPage":{"@id":"https:\/\/www.prixdeshivernales.be\/en\/press\/#primaryimage"},"image":{"@id":"https:\/\/www.prixdeshivernales.be\/en\/press\/#primaryimage"},"thumbnailUrl":"https:\/\/www.prixdeshivernales.be\/wp-content\/uploads\/sites\/2\/2021\/10\/PRIX-HIVERNALES_HEADER_1240x500_ok_V1.jpg","datePublished":"2021-11-05T10:59:04+00:00","dateModified":"2022-05-30T13:32:30+00:00","breadcrumb":{"@id":"https:\/\/www.prixdeshivernales.be\/en\/press\/#breadcrumb"},"inLanguage":"en-US","potentialAction":[{"@type":"ReadAction","target":["https:\/\/www.prixdeshivernales.be\/en\/press\/"]}]},{"@type":"ImageObject","inLanguage":"en-US","@id":"https:\/\/www.prixdeshivernales.be\/en\/press\/#primaryimage","url":"https:\/\/www.prixdeshivernales.be\/wp-content\/uploads\/sites\/2\/2021\/10\/PRIX-HIVERNALES_HEADER_1240x500_ok_V1.jpg","contentUrl":"https:\/\/www.prixdeshivernales.be\/wp-content\/uploads\/sites\/2\/2021\/10\/PRIX-HIVERNALES_HEADER_1240x500_ok_V1.jpg","width":1240,"height":500},{"@type":"BreadcrumbList","@id":"https:\/\/www.prixdeshivernales.be\/en\/press\/#breadcrumb","itemListElement":[{"@type":"ListItem","position":1,"name":"Home","item":"https:\/\/www.prixdeshivernales.be\/en\/"},{"@type":"ListItem","position":2,"name":"Press"}]},{"@type":"WebSite","@id":"https:\/\/www.prixdeshivernales.be\/en\/#website","url":"https:\/\/www.prixdeshivernales.be\/en\/","name":"Prix des Hivernales","description":"International Ballet Competition","potentialAction":[{"@type":"SearchAction","target":{"@type":"EntryPoint","urlTemplate":"https:\/\/www.prixdeshivernales.be\/en\/?s={search_term_string}"},"query-input":{"@type":"PropertyValueSpecification","valueRequired":true,"valueName":"search_term_string"}}],"inLanguage":"en-US"}]}},"_links":{"self":[{"href":"https:\/\/www.prixdeshivernales.be\/en\/wp-json\/wp\/v2\/pages\/463","targetHints":{"allow":["GET"]}}],"collection":[{"href":"https:\/\/www.prixdeshivernales.be\/en\/wp-json\/wp\/v2\/pages"}],"about":[{"href":"https:\/\/www.prixdeshivernales.be\/en\/wp-json\/wp\/v2\/types\/page"}],"author":[{"embeddable":true,"href":"https:\/\/www.prixdeshivernales.be\/en\/wp-json\/wp\/v2\/users\/1"}],"replies":[{"embeddable":true,"href":"https:\/\/www.prixdeshivernales.be\/en\/wp-json\/wp\/v2\/comments?post=463"}],"version-history":[{"count":3,"href":"https:\/\/www.prixdeshivernales.be\/en\/wp-json\/wp\/v2\/pages\/463\/revisions"}],"predecessor-version":[{"id":858,"href":"https:\/\/www.prixdeshivernales.be\/en\/wp-json\/wp\/v2\/pages\/463\/revisions\/858"}],"wp:featuredmedia":[{"embeddable":true,"href":"https:\/\/www.prixdeshivernales.be\/en\/wp-json\/wp\/v2\/media\/404"}],"wp:attachment":[{"href":"https:\/\/www.prixdeshivernales.be\/en\/wp-json\/wp\/v2\/media?parent=463"}],"curies":[{"name":"wp","href":"https:\/\/api.w.org\/{rel}","templated":true}]}}

<div class="wp-block-columns is-layout-flex wp-container-core-columns-is-layout-9d6595d7 wp-block-columns-is-layout-flex">
<div class="wp-block-column is-layout-flow wp-block-column-is-layout-flow">
<blockquote class="wp-block-quote is-layout-flow wp-block-quote-is-layout-flow"><p><strong>The 10th edition of the &#8220;Hivernales de la danse&#8221; in Liège is organised this weekend at the Caserne Fonck. 10 dancers from the most prestigious companies in Europe will perform for the Belgian public. This year, they did not stop there, they were called to judge the young generation of dancers in our region.</strong></p><cite>RTC Télé Liège, 12 march 2022</cite></blockquote>



<p><a href="https://www.rtc.be/hivernales_2022_un_nouvel_evenement_en_plus_des_galas_de_danse-1512066-999-325.html" target="_blank" rel="noreferrer noopener">https://www.rtc.be/hivernales_2022_un_nouvel_evenement_en_plus_des_galas_de_danse-1512066-999-325.html</a></p>
</div>



<div class="wp-block-column is-layout-flow wp-block-column-is-layout-flow">
<blockquote class="wp-block-quote is-layout-flow wp-block-quote-is-layout-flow"><p><strong>In early February, Marie Doutrepont, artistic director of the Hivernales de la Danse, entered the workshops of Maison Dejardin to create original trophies for her dance competition.</strong></p><cite>Maison Dejardin, 31 march 2022</cite></blockquote>



<p><a href="https://maisondejardin.be/deux-trophees-pour-les-hivernales-de-la-danse/?fbclid=IwAR1SzH3qWLJ4M6Gk8wPAatRp63Tjf9noi7Nskh1L4tZGaETCCSFEjxZWVko" target="_blank" rel="noreferrer noopener">https://maisondejardin.be/deux-trophees-pour-les-hivernales-de-la-danse/?fbclid=IwAR1SzH3qWLJ4M6Gk8wPAatRp63Tjf9noi7Nskh1L4tZGaETCCSFEjxZWVko</a></p>
</div>
</div>

<p>The 10th edition of the &#8220;Hivernales de la danse&#8221; in Liège is organised this weekend at the Caserne (&#8230;)</p>
<p><a class="btn btn-kovimo-news" href="https://www.prixdeshivernales.be/en/press/">En savoir plus</a></p>

<!-- This site is optimized with the Yoast SEO plugin v27.4 - https://yoast.com/product/yoast-seo-wordpress/ -->
<title>Press &#8212; Prix des Hivernales</title>
<meta name="robots" content="index, follow, max-snippet:-1, max-image-preview:large, max-video-preview:-1" />
<link rel="canonical" href="https://www.prixdeshivernales.be/en/press/" />
<meta property="og:locale" content="en_US" />
<meta property="og:type" content="article" />
<meta property="og:title" content="Press &#8212; Prix des Hivernales" />
<meta property="og:description" content="The 10th edition of the &#8220;Hivernales de la danse&#8221; in Liège is organised this weekend at the Caserne (...)En savoir plus" />
<meta property="og:url" content="https://www.prixdeshivernales.be/en/press/" />
<meta property="og:site_name" content="Prix des Hivernales" />
<meta property="article:modified_time" content="2022-05-30T13:32:30+00:00" />
<meta property="og:image" content="https://www.prixdeshivernales.be/wp-content/uploads/sites/2/2021/10/PRIX-HIVERNALES_HEADER_1240x500_ok_V1.jpg" />
	<meta property="og:image:width" content="1240" />
	<meta property="og:image:height" content="500" />
	<meta property="og:image:type" content="image/jpeg" />
<meta name="twitter:card" content="summary_large_image" />
<meta name="twitter:label1" content="Est. reading time" />
	<meta name="twitter:data1" content="1 minute" />
<script type="application/ld+json" class="yoast-schema-graph">{"@context":"https:\/\/schema.org","@graph":[{"@type":"WebPage","@id":"https:\/\/www.prixdeshivernales.be\/en\/press\/","url":"https:\/\/www.prixdeshivernales.be\/en\/press\/","name":"Press &#8212; Prix des Hivernales","isPartOf":{"@id":"https:\/\/www.prixdeshivernales.be\/en\/#website"},"primaryImageOfPage":{"@id":"https:\/\/www.prixdeshivernales.be\/en\/press\/#primaryimage"},"image":{"@id":"https:\/\/www.prixdeshivernales.be\/en\/press\/#primaryimage"},"thumbnailUrl":"https:\/\/www.prixdeshivernales.be\/wp-content\/uploads\/sites\/2\/2021\/10\/PRIX-HIVERNALES_HEADER_1240x500_ok_V1.jpg","datePublished":"2021-11-05T10:59:04+00:00","dateModified":"2022-05-30T13:32:30+00:00","breadcrumb":{"@id":"https:\/\/www.prixdeshivernales.be\/en\/press\/#breadcrumb"},"inLanguage":"en-US","potentialAction":[{"@type":"ReadAction","target":["https:\/\/www.prixdeshivernales.be\/en\/press\/"]}]},{"@type":"ImageObject","inLanguage":"en-US","@id":"https:\/\/www.prixdeshivernales.be\/en\/press\/#primaryimage","url":"https:\/\/www.prixdeshivernales.be\/wp-content\/uploads\/sites\/2\/2021\/10\/PRIX-HIVERNALES_HEADER_1240x500_ok_V1.jpg","contentUrl":"https:\/\/www.prixdeshivernales.be\/wp-content\/uploads\/sites\/2\/2021\/10\/PRIX-HIVERNALES_HEADER_1240x500_ok_V1.jpg","width":1240,"height":500},{"@type":"BreadcrumbList","@id":"https:\/\/www.prixdeshivernales.be\/en\/press\/#breadcrumb","itemListElement":[{"@type":"ListItem","position":1,"name":"Home","item":"https:\/\/www.prixdeshivernales.be\/en\/"},{"@type":"ListItem","position":2,"name":"Press"}]},{"@type":"WebSite","@id":"https:\/\/www.prixdeshivernales.be\/en\/#website","url":"https:\/\/www.prixdeshivernales.be\/en\/","name":"Prix des Hivernales","description":"International Ballet Competition","potentialAction":[{"@type":"SearchAction","target":{"@type":"EntryPoint","urlTemplate":"https:\/\/www.prixdeshivernales.be\/en\/?s={search_term_string}"},"query-input":{"@type":"PropertyValueSpecification","valueRequired":true,"valueName":"search_term_string"}}],"inLanguage":"en-US"}]}</script>
<!-- / Yoast SEO plugin. -->

The 10th edition of the &#8220;Hivernales de la danse&#8221; in Liège is organised this weekend at the Caserne (...)En savoir plus
